 be v(j). Suppose -15*p = -r*p - 55. Is p prime?
True
Is (5 - (10 - 4))/5 - (-723372)/10 composite?
False
Let a(k) = 40007*k**2 - 14*k + 15. Is a(2) composite?
True
Let q = -6 - -5. Let f be 8 + -10 + 7 + q. Suppose 0 = f*r - 0*r - 2348. Is r composite?
False
Suppose -2*g = 2*a - 12228, -2*g + 5*a + 1984 = -10279. Is g composite?
True
Suppose 50*h - 1549058 = 2591192. Let v = h - 51258. Is v a prime number?
True
Let t be 2/8 - (-28156)/16. Let x(p) = p**2 + 13*p + 24. Let z be x(-10). Is t/6 + z/18 composite?
False
Let n = 72938 + -21361. Is n a prime number?
True
Suppose 10*r - 19893 = 6*r - i, i + 3 = 0. Let m = 8407 - r. Is m a prime number?
True
Let w be 3/(-3) + 287/41. Suppose w*a - 70253 = 44749. Is a a prime number?
False
Let h be ((-6947)/2)/(6/720*-4). Suppose 0 = -8*w - 7*w + h. Is w composite?
False
Let m = 209663 - 141390. Is m composite?
True
Let o = 451 + -448. Suppose -5*i - 5 = 0, -o*g - i - 2450 = -8530. Is g a composite number?
False
Let b be ((-48)/80)/((-2)/10). Suppose m + b = -2, m - 7 = -4*s. Is s - -326 - 6/(-3) composite?
False
Let b(d) = 8 + 24*d - 10 - 11 + 42*d. Is b(4) a composite number?
False
Suppose 5*m - 80 = 3*o, 0 = 2*o - 4*o. Is (88/m)/11*28399*2 a composite number?
True
Suppose -37*j + 61*j = 120. Suppose 3*g - 1139 = -5*v, j*v = -0*g + 3*g + 1121. Is v composite?
True
Let o(y) = -123 + 214 - 7*y - 116. Is o(-22) a prime number?
False
Is (2 - (-8)/(-6))/((-24276043)/(-3468003) + -7) prime?
False
Let v(f) be the second derivative of 739*f**3/3 + 15*f**2/2 + 62*f + 2. Is v(2) a prime number?
True
Let t(w) = -113*w. Let s be (42/(-18))/(2/42). Let r = 48 + s. Is t(r) a prime number?
True
Let p = 192482 + -64675. Is p composite?
False
Suppose 2340 + 3316 = 4*j. Let z = 3985 - j. Is z prime?
False
Let u = -9321 + 15778. Suppose w - 3*w = a - 4308, 0 = 3*w - a - u. Is w composite?
False
Suppose x + 7*b - 672 = 4*b, 5*x - b - 3424 = 0. Suppose 29*i - 27*i - x = 0. Suppose -4*j - 400 - i = -2*r, 0 = -3*r - 3*j + 1113. Is r a composite number?
True
Suppose 31*u - 36*u = -45. Is (0 + 5261)/(u - 2 - 6) a prime number?
True
Let m(i) = -155*i - 8. Suppose -a - 3*p = 3*a - 39, 4*a - 3*p - 9 = 0. Suppose 27 = -7*l + a. Is m(l) composite?
False
Let k(d) = 14*d - 222. Let g be k(16). Is (-1408056)/(-208) - 1/g composite?
True
Let x be -3*(100/(-12) + 7). Suppose -2*n + 8679 = -5*q, x*n = -q + 3988 + 13315. Is n prime?
True
Let f(r) = 3*r**3 + 2*r - 1. Let u be f(1). Suppose u*s + 170 = -2942. Let v = 1151 + s. Is v a composite number?
False
Let w(n) = -5*n + 47. Let k be w(4). Let p(s) = 105*s + 66. Is p(k) a prime number?
False
Suppose -3*k = 3*f - 1972074, 409*k = 404*k - 3*f + 3286808. Is k a composite number?
True
Let i(h) = 36229*h**2 + 51*h - 347. Is i(-11) composite?
False
Suppose -7*p + 8 - 1 = 0. Suppose 8*z + p = 17. Is (-16615)/(-2)*z/5 a prime number?
True
Suppose 6*m = 3*m + 23*m - 4598140. Is m a prime number?
False
Suppose 6742 = -58*d - 1552. Let b(r) = -r - 1552. Let a be b(0). Let x = d - a. Is x composite?
False
Let j be ((-18429)/(-12))/(3/96). Suppose -u = -9*u + j. Is u a composite number?
False
Let f be 6626005/425 - 4/(-10). Is f/((-49)/7 - -10) composite?
False
Let k(t) = -6*t**3 - t**2 + 31*t + 91. Is k(-6) composite?
True
Suppose -223*h = -58*h + 43*h - 555568. Is h prime?
True
Let n(f) = 1. Let m(c) be the second derivative of -22*c**3/3 + c**2 - 18*c. Let x(a) = -2*m(a) + 6*n(a). Is x(9) composite?
True
Suppose -q - 6*s + 67835 = -7*s, 2*q + 12*s - 135670 = 0. Is q composite?
True
Suppose -6*f = -1716380 + 594122. Is f composite?
False
Let f be 5 - 1 - (-6324)/4. Suppose 5002 = 4*y - m - f, -3281 = -2*y + 3*m. Suppose 3*o - 2*o - 416 = -3*p, -y = -4*o + 4*p. Is o a composite number?
True
Let b(r) be the second derivative of r**6/60 - r**5/15 - r**4/6 + 5*r**3/6 + 8*r**2 + 20*r. Let q(o) be the first derivative of b(o). Is q(4) prime?
True
Suppose 0 = 3*j + j + 2408. Let o = j - -132. Let r = o + 669. Is r prime?
True
Is 0*5/(-95) - -136349 prime?
False
Suppose -4*g + d = -1, -3*g + 0*d + 2*d = 3. Is (g - -2)*38797/33 a composite number?
False
Let s(y) = -2828*y + 17. Let r be (5/10)/((-3)/18). Is s(r) a prime number?
True
Suppose -2*b + 10 - 40 = -2*t, 45 = -3*b - 5*t. Is ((-93745)/b - 2) + 10/(-15) a prime number?
True
Let q(o) = o**3 - 19*o**2 - 11*o + 25. Let r(z) = -12 + 6*z - z**2 + 13*z + 2 - 30*z. Let p be r(-5). Is q(p) composite?
True
Is 37962/(-684)*2036/(-6) a composite number?
True
Is 2 - (-5 + -853055) - (-6)/(-10 + 4) a prime number?
False
Let u(z) = -15751*z + 276. Is u(-5) prime?
True
Suppose n - 11 = -7. Suppose -3*f = -4*r - 16, -n = -2*r + 3*r + 4*f. Is (0 + r/(-6))/((-206)/(-350097)) a composite number?
True
Let l = 928862 - 36021. Is l composite?
False
Suppose 9*k - 129165 = -37896. Let f = -5430 + k. Is f a prime number?
False
Let x be 3/(-6)*(-24)/(-8)*-38. Is (15818/6)/(19/x) a composite number?
True
Let r(c) = c**3 + 88*c**2 + 293*c - 729. Is r(-70) prime?
False
Let r = -4 + 4. Let z(d) = 10*d**2 - 211*d + 27. Let x be z(21). Suppose r = -x*p + 7*p - 1939. Is p a prime number?
False
Let r = 13565 + -10680. Is r a prime number?
False
Let o(h) = h**2 - 7*h - 41. Let n be o(11). Suppose -30371 = -n*d - 8*d. Is d a prime number?
False
Let t(y) = -y**2 + 12*y - 23. Let o(b) = b**2 - 13*b + 5. Let f be o(13). Let d be t(f). Suppose 6*h = d*h - 1842. Is h composite?
False
Let x be (12038/39)/(4/726). Let t = x + -35262. Is t composite?
True
Let f = 49 + -47. Let l be ((-5)/f)/((-75)/180). Is (-21)/(-14)*2284/l composite?
False
Suppose 0 = 2*c - 3 - 1. Suppose -10 = c*n - 3*q, -3*n - 8 = -0*q - q. Is (n/2 + 27)/((-88)/(-3916)) a prime number?
False
Let t(d) = 85*d + 193. Let q be t(16). Let s = q - 712. Is s prime?
False
Let n(k) = 50*k**2 + 7*k - 6. Suppose -12*u = -10*u - 4. Suppose 3*i + f + 18 = -u*f, -4*f + 39 = -5*i. Is n(i) a composite number?
True
Is 20/(-50)*((-393537)/6 + -3) a prime number?
True
Let h(s) = 26*s**2 - 26*s + 141. Let q(n) = n**3 - 39*n**2 - 82*n + 6. Let i be q(41). Is h(i) composite?
True
Let l(h) = 359 + 5*h + 0*h + 9*h - 10*h. Suppose -1 = 3*t - 1. Is l(t) a prime number?
True
Let y = 651067 + -368802. Is y a prime number?
False
Suppose 2*d - 18664 = 2*r, -4*d = -7*d + r + 28002. Let j = -5502 + d. Is j composite?
False
Let n be (-7)/((-14)/12) + 48/(-12). Suppose 5*k - 5 = 0, -z = -n*k + k - 4684. Is z composite?
True
Let w(t) = -4*t - 40. Let i be w(-9). Is (i + (-403)/1)*-1 prime?
False
Let w = -94189 - -310308. Is w composite?
False
Is 250450/42 + (-42)/441 a composite number?
True
Let q(c) = 20*c**2 - 14*c - 95. Is q(11) prime?
False
Let m(v) = v**2 + v - 9. Let z be m(-4). Suppose z*n + 19 = -2*b, -n - 16 = 3*b + n. Is ((-2)/b - 2)*-487 a composite number?
False
Let t(l) = -5*l - 37. Let s be t(-11). Suppose f = s - 9. Suppose -3184 = f*b - 9889. Is b a composite number?
True
Suppose -5*n - 6755 = -5*j, -169 = 2*n + 4*j + 2527. Let u = -1691 - -820. Let t = u - n. Is t a composite number?
False
Is 130246 + (7/(28/5))/((-12)/48) a composite number?
False
Suppose x = 5*t - 98215, -5*t - 2*x = -4*x - 98215. Suppose -56526 = -11*m - t. Is m a composite number?
True
Let n(g) = 1659*g + 365. Is n(4) composite?
False
Suppose -382*b = -355*b - 2653587. Is b composite?
True
Suppose -250*s + 57296544 = 266*s + 20333916. Is s prime?
True
Let z be (-2)/(-8) - (-1)/(-4). Suppose j - 2*j - 1065 = r, z = -4*j + 2*r - 4290. Let g = 2229 + j. Is g a composite number?
True
Let x be 33/9*(-7380)/(4 - 9). Let b be ((-1)/(-2))/(2/x). Suppose 2*p - 13*p = -b. Is p a composite number?
True
Let l = -1339 - -2673. Let d = l - 421. Is d composite?
True
Let n = 129764 - 77323. Let m = 77552 - n. Is m a prime number?
True
Suppose -33*k + 63578 = -162472. Suppose 5*f = -o + 10*f + 3437, k = 2*o + 2*f. Is o prime?
False
Let n(o) = -o**2 + 24*o - 60. Let r be n(3). Suppose 298 - 43 = r*w. Is w composite?
True
Suppose 2*d + 2*o = 294, -o + 360 = 3*d - 81. Suppose -3851 = 8*b - d. Let w = 674 + b. Is w prime?
True
Suppose -1342423 = -41*d + 40*d + 4*z, -4*z + 4027317 = 3*d. Is d prime?
False
Let m = -45 + 55. Suppose -5*s - 10 = -m*s. Suppose s*p - 235 = 207. Is p prime?
False
Let o be 2/(-2) - (-495)/11. Suppose 0 = -42*u + o*u - 496. Suppose -5*s = -i + 53 + 9, -5*s = 